{"id":37,"date":"2016-04-17T17:28:48","date_gmt":"2016-04-17T16:28:48","guid":{"rendered":"http:\/\/acvane.com\/?page_id=37"},"modified":"2024-05-09T00:22:38","modified_gmt":"2024-05-08T22:22:38","slug":"les-assemblees-generales","status":"publish","type":"page","link":"https:\/\/acvane.com\/?page_id=37","title":{"rendered":"les Assembl\u00e9es G\u00e9n\u00e9rales"},"content":{"rendered":"<p>la derni\u00e8re Assembl\u00e9e G\u00e9n\u00e9rale s&rsquo;est tenue le 10 f\u00e9vrier 2024 \u00e0 la <a href=\"https:\/\/acvane.com\/wp-content\/uploads\/2019\/01\/Villedieu-Intercom_plan-maison-des-services.jpg\">Maison des Services<\/a> \u00e0 Villedieu le Po\u00eales (50).\u00a0<\/p>\n<p><strong>Les Comptes-rendus\u00a0<\/strong><\/p>\n<p><a href=\"https:\/\/acvane.com\/wp-content\/uploads\/2023\/08\/2023-AG-Compte-Rendu.pdf\">de l&rsquo;AG du 18 f\u00e9vrier 2023<\/a><\/p>\n<p>pas d&rsquo;AG en 2022<br \/>pas d&rsquo;AG en 2021<br \/><a href=\"https:\/\/acvane.com\/wp-content\/uploads\/2020\/03\/2020-AG-Compte-Rendu.pdf\">de l&rsquo;AG du 18 janvier 2020<\/a><br \/><a href=\"https:\/\/acvane.com\/wp-content\/uploads\/2019\/03\/2019-AG-Compte-Rendu.pdf\">de l&rsquo;AG du 26 janvier 2019<\/a><br \/><a href=\"https:\/\/acvane.com\/wp-content\/uploads\/2019\/01\/2018-AG-CR.pdf\">de l&rsquo;AG du 3 f\u00e9vrier 2018<\/a><br \/><a href=\"https:\/\/acvane.com\/wp-content\/uploads\/2016\/04\/2017-AG-CR.pdf\">de l&rsquo;AG du 21 janvier 2017<\/a><br \/><a href=\"https:\/\/acvane.com\/wp-content\/uploads\/2017\/04\/2016-AG-CR.pdf\">de l&rsquo;AG du 16 janvier 2016<\/a><br \/><a href=\"https:\/\/acvane.com\/wp-content\/uploads\/2016\/04\/2015-CR.AG_-1.pdf\">de l&rsquo;AG du 24 janvier 2015<br \/><\/a><a href=\"https:\/\/acvane.com\/wp-content\/uploads\/2016\/04\/2014-AG-2014-CR.pdf\">de l&rsquo;AG du 1er f\u00e9vrier 2014<br \/><\/a><a href=\"https:\/\/acvane.com\/wp-content\/uploads\/2017\/04\/AG-du-janvier-2013.pdf\">de l&rsquo;AG du 12 janvier 2013<\/a><br \/><a href=\"https:\/\/acvane.com\/wp-content\/uploads\/2017\/04\/2012.03.03-ACVA-CR-AG.pdf\">de l&rsquo;AG du 3 mars 2012<\/a><\/p>\n\n\n<p><\/p>\n","protected":false},"excerpt":{"rendered":"<p>la derni\u00e8re Assembl\u00e9e G\u00e9n\u00e9rale s&rsquo;est tenue le 10 f\u00e9vrier 2024 \u00e0 la Maison des Services \u00e0 Villedieu le Po\u00eales (50).\u00a0 Les Comptes-rendus\u00a0 de l&rsquo;AG du 18 f\u00e9vrier 2023 pas d&rsquo;AG en 2022pas d&rsquo;AG en 2021de l&rsquo;AG du 18 janvier 2020de l&rsquo;AG du 26 janvier 2019de l&rsquo;AG du 3 f\u00e9vrier 2018de l&rsquo;AG du 21 janvier 2017de &hellip; <a href=\"https:\/\/acvane.com\/?page_id=37\" class=\"more-link\">Continuer la lecture<span class=\"screen-reader-text\"> de &laquo;&nbsp;les Assembl\u00e9es G\u00e9n\u00e9rales&nbsp;&raquo;<\/span><\/a><\/p>\n","protected":false},"author":1,"featured_media":0,"parent":14,"menu_order":0,"comment_status":"closed","ping_status":"closed","template":"","meta":{"footnotes":""},"class_list":["post-37","page","type-page","status-publish","hentry"],"_links":{"self":[{"href":"https:\/\/acvane.com\/index.php?rest_route=\/wp\/v2\/pages\/37","targetHints":{"allow":["GET"]}}],"collection":[{"href":"https:\/\/acvane.com\/index.php?rest_route=\/wp\/v2\/pages"}],"about":[{"href":"https:\/\/acvane.com\/index.php?rest_route=\/wp\/v2\/types\/page"}],"author":[{"embeddable":true,"href":"https:\/\/acvane.com\/index.php?rest_route=\/wp\/v2\/users\/1"}],"replies":[{"embeddable":true,"href":"https:\/\/acvane.com\/index.php?rest_route=%2Fwp%2Fv2%2Fcomments&post=37"}],"version-history":[{"count":30,"href":"https:\/\/acvane.com\/index.php?rest_route=\/wp\/v2\/pages\/37\/revisions"}],"predecessor-version":[{"id":436,"href":"https:\/\/acvane.com\/index.php?rest_route=\/wp\/v2\/pages\/37\/revisions\/436"}],"up":[{"embeddable":true,"href":"https:\/\/acvane.com\/index.php?rest_route=\/wp\/v2\/pages\/14"}],"wp:attachment":[{"href":"https:\/\/acvane.com\/index.php?rest_route=%2Fwp%2Fv2%2Fmedia&parent=37"}],"curies":[{"name":"wp","href":"https:\/\/api.w.org\/{rel}","templated":true}]}}

les Assemblées Générales

<p>la dernière Assemblée Générale s&rsquo;est tenue le 10 février 2024 à la <a href="https://acvane.com/wp-content/uploads/2019/01/Villedieu-Intercom_plan-maison-des-services.jpg">Maison des Services</a> à Villedieu le Poêles (50). </p>
<p><strong>Les Comptes-rendus </strong></p>
<p><a href="https://acvane.com/wp-content/uploads/2023/08/2023-AG-Compte-Rendu.pdf">de l&rsquo;AG du 18 février 2023</a></p>
<p>pas d&rsquo;AG en 2022<br />pas d&rsquo;AG en 2021<br /><a href="https://acvane.com/wp-content/uploads/2020/03/2020-AG-Compte-Rendu.pdf">de l&rsquo;AG du 18 janvier 2020</a><br /><a href="https://acvane.com/wp-content/uploads/2019/03/2019-AG-Compte-Rendu.pdf">de l&rsquo;AG du 26 janvier 2019</a><br /><a href="https://acvane.com/wp-content/uploads/2019/01/2018-AG-CR.pdf">de l&rsquo;AG du 3 février 2018</a><br /><a href="https://acvane.com/wp-content/uploads/2016/04/2017-AG-CR.pdf">de l&rsquo;AG du 21 janvier 2017</a><br /><a href="https://acvane.com/wp-content/uploads/2017/04/2016-AG-CR.pdf">de l&rsquo;AG du 16 janvier 2016</a><br /><a href="https://acvane.com/wp-content/uploads/2016/04/2015-CR.AG_-1.pdf">de l&rsquo;AG du 24 janvier 2015<br /></a><a href="https://acvane.com/wp-content/uploads/2016/04/2014-AG-2014-CR.pdf">de l&rsquo;AG du 1er février 2014<br /></a><a href="https://acvane.com/wp-content/uploads/2017/04/AG-du-janvier-2013.pdf">de l&rsquo;AG du 12 janvier 2013</a><br /><a href="https://acvane.com/wp-content/uploads/2017/04/2012.03.03-ACVA-CR-AG.pdf">de l&rsquo;AG du 3 mars 2012</a></p>


<p></p>

<p>la dernière Assemblée Générale s&rsquo;est tenue le 10 février 2024 à la Maison des Services à Villedieu le Poêles (50).  Les Comptes-rendus  de l&rsquo;AG du 18 février 2023 pas d&rsquo;AG en 2022pas d&rsquo;AG en 2021de l&rsquo;AG du 18 janvier 2020de l&rsquo;AG du 26 janvier 2019de l&rsquo;AG du 3 février 2018de l&rsquo;AG du 21 janvier 2017de &hellip; <a href="https://acvane.com/?page_id=37" class="more-link">Continuer la lecture<span class="screen-reader-text"> de &laquo;&nbsp;les Assemblées Générales&nbsp;&raquo;</span></a></p>
