{"id":143,"date":"2016-12-30T20:02:42","date_gmt":"2016-12-30T19:02:42","guid":{"rendered":"http:\/\/acvane.com\/?page_id=143"},"modified":"2024-05-08T23:28:50","modified_gmt":"2024-05-08T21:28:50","slug":"a-savoir","status":"publish","type":"page","link":"https:\/\/acvane.com\/?page_id=143","title":{"rendered":"\u00e0 savoir"},"content":{"rendered":"\n<p>G\u00e9n\u00e9tique<\/p>\n\n\n\n<p><a href=\"https:\/\/acvane.com\/?page_id=163\" data-type=\"page\" data-id=\"163\">Sant\u00e9<\/a><\/p>\n\n\n\n<p>Vie<\/p>\n\n\n\n<p>Environnement<\/p>\n\n\n\n<p><a href=\"https:\/\/acvane.com\/?page_id=373\" data-type=\"page\" data-id=\"373\">Valorisation<\/a><\/p>\n\n\n\n<p>Civilisation<\/p>\n\n\n\n<p>Textes<\/p>\n\n\n\n<p><\/p>\n","protected":false},"excerpt":{"rendered":"<p>G\u00e9n\u00e9tique Sant\u00e9 Vie Environnement Valorisation Civilisation Textes<\/p>\n","protected":false},"author":1,"featured_media":0,"parent":0,"menu_order":0,"comment_status":"closed","ping_status":"closed","template":"","meta":{"footnotes":""},"class_list":["post-143","page","type-page","status-publish","hentry"],"_links":{"self":[{"href":"https:\/\/acvane.com\/index.php?rest_route=\/wp\/v2\/pages\/143","targetHints":{"allow":["GET"]}}],"collection":[{"href":"https:\/\/acvane.com\/index.php?rest_route=\/wp\/v2\/pages"}],"about":[{"href":"https:\/\/acvane.com\/index.php?rest_route=\/wp\/v2\/types\/page"}],"author":[{"embeddable":true,"href":"https:\/\/acvane.com\/index.php?rest_route=\/wp\/v2\/users\/1"}],"replies":[{"embeddable":true,"href":"https:\/\/acvane.com\/index.php?rest_route=%2Fwp%2Fv2%2Fcomments&post=143"}],"version-history":[{"count":5,"href":"https:\/\/acvane.com\/index.php?rest_route=\/wp\/v2\/pages\/143\/revisions"}],"predecessor-version":[{"id":415,"href":"https:\/\/acvane.com\/index.php?rest_route=\/wp\/v2\/pages\/143\/revisions\/415"}],"wp:attachment":[{"href":"https:\/\/acvane.com\/index.php?rest_route=%2Fwp%2Fv2%2Fmedia&parent=143"}],"curies":[{"name":"wp","href":"https:\/\/api.w.org\/{rel}","templated":true}]}}